{"id":36,"date":"2016-02-25T13:00:20","date_gmt":"2016-02-25T12:00:20","guid":{"rendered":"http:\/\/web-4-you.com\/?page_id=36"},"modified":"2016-07-12T17:45:25","modified_gmt":"2016-07-12T15:45:25","slug":"social-media","status":"publish","type":"page","link":"https:\/\/web-4-you.com\/?page_id=36","title":{"rendered":"Social Media"},"content":{"rendered":"<p>In der heutigen Zeit ist es fast genauso wichtig, seine Firma, Ferienwohnung oder den Verein \u00fcber die sozialen Netzwerke zu promoten. aber bei Facebook, Twitter, Instagram und Co. lauern diverse Fallen.<\/p>\n<p>\u00dcber Social Media kann man denken, wie man will. Entweder mann hasst es oder man liebt es. Auf jeden Fall erreicht man bei richtiger Anwendung eine Menge Menschen \u00fcber diese Kan\u00e4le. Aber auf das &#8222;Wie&#8220; kommt es dabei an. Wir unterst\u00fctzen Sie und zeigen Ihnen, wie Sie Fehler vermeiden k\u00f6nnen und wie Sie Ihre Werbung optimieren.<\/p>\n","protected":false},"excerpt":{"rendered":"<p>In der heutigen Zeit ist es fast genauso wichtig, seine Firma, Ferienwohnung oder den Verein \u00fcber die sozialen Netzwerke zu promoten. aber bei Facebook, Twitter, Instagram und Co. lauern diverse Fallen. \u00dcber Social Media kann man denken, wie man will. Entweder mann hasst es oder man liebt es. Auf jeden Fall erreicht man bei richtiger Anwendung eine Menge Menschen \u00fcber<\/p>\n<p><a class=\"more-link\" href=\"https:\/\/web-4-you.com\/?page_id=36\">Read More<\/a><\/p>\n","protected":false},"author":1,"featured_media":0,"parent":0,"menu_order":0,"comment_status":"closed","ping_status":"closed","template":"","meta":[],"_links":{"self":[{"href":"https:\/\/web-4-you.com\/index.php?rest_route=\/wp\/v2\/pages\/36"}],"collection":[{"href":"https:\/\/web-4-you.com\/index.php?rest_route=\/wp\/v2\/pages"}],"about":[{"href":"https:\/\/web-4-you.com\/index.php?rest_route=\/wp\/v2\/types\/page"}],"author":[{"embeddable":true,"href":"https:\/\/web-4-you.com\/index.php?rest_route=\/wp\/v2\/users\/1"}],"replies":[{"embeddable":true,"href":"https:\/\/web-4-you.com\/index.php?rest_route=%2Fwp%2Fv2%2Fcomments&post=36"}],"version-history":[{"count":5,"href":"https:\/\/web-4-you.com\/index.php?rest_route=\/wp\/v2\/pages\/36\/revisions"}],"predecessor-version":[{"id":103,"href":"https:\/\/web-4-you.com\/index.php?rest_route=\/wp\/v2\/pages\/36\/revisions\/103"}],"wp:attachment":[{"href":"https:\/\/web-4-you.com\/index.php?rest_route=%2Fwp%2Fv2%2Fmedia&parent=36"}],"curies":[{"name":"wp","href":"https:\/\/api.w.org\/{rel}","templated":true}]}}